= 5*o(m) + 2*p(m). Give n(-4).
-8
Let y = 3 + -2. Suppose 5*u + b = 13, 5*u - b = 4 + 3. Let g(j) = 1 + u - 3 - 1 + 3*j. Calculate g(y).
2
Suppose 5*i - 3*s - 6 = 0, 4*i - 26 = -3*s - 5. Suppose -5*z = 3*y - 9, 6*z - 2*y - 16 = 2*z. Let c(p) = z*p**2 + 3 - p**3 + 3 - 2. What is c(i)?
4
Let l = -26 - -31. Let i(c) = c**3 - 6*c**2 + 7*c - 1. Give i(l).
9
Let l(c) = 5*c - 1. Suppose f + 21 = 4*n, 3*f - 2*f - 15 = -5*n. Let x(i) = -4*i + 1. Let j(d) = f*l(d) - 6*x(d). Determine j(2).
-3
Let c(o) = -5*o + 4. Let r(a) = 14*a - 12. Let h(b) = -11*c(b) - 4*r(b). Give h(4).
0
Let l = 7 - 7. Suppose -3*s + 2*z = 6, -s + z + z + 2 = l. Let o(m) = m + 1. What is o(s)?
-3
Let o(r) be the third derivative of -6*r**2 - 5/24*r**4 + 0*r + 0 - 1/6*r**3 - 1/60*r**5. Calculate o(-2).
5
Let q(w) = w**3 + 20*w**2 + w + 24. Let o be q(-20). Let j(v) = v + 3. Determine j(o).
7
Let x(m) = -9*m + 2*m - 6 + m + 4*m. Calculate x(-4).
2
Let z(q) = 8*q**2 - 2*q - 1. Let n(u) = -u**3 - 23*u**2 - 23*u - 23. Let b be n(-22). Give z(b).
9
Suppose -n + 17 = -4*t, n - 9 = 5*t + 10. Let q = 2 + 2. Suppose 3*c + u - n = 0, -5*c + 2*u + 11 + q = 0. Let j(k) = -k**3 + 4*k**2 - 4*k + 2. Calculate j(c).
-1
Let s = 25 - 19. Let q(c) = -c + 10. What is q(s)?
4
Let g = -11 + 15. Let i(q) be the second derivative of -q**4/12 + q**3/6 + 5*q**2/2 + 3*q. Determine i(g).
-7
Let v(f) be the second derivative of f**3/3 - 5*f**2/2 + 2*f. Let a = 28 + -20. Suppose 3*z - 4 = a. Calculate v(z).
3
Let q(v) = -v + 3. Suppose -3*u + 23 = 5*f - 10, -2*f = 4*u - 2. Suppose 0*l = -l + 5. Suppose -6 - f = l*i. Determine q(i).
6
Let c(p) = p**2 + 5*p + 3. Let s be (0 - (4 - -1)) + 2. Determine c(s).
-3
Let g = 0 - 4. Let z(s) = -2*s**2 + 9*s - 2. Let j(o) = -5*o**2 + 26*o - 5. Let n(q) = -3*j(q) + 8*z(q). Determine n(g).
7
Let z(l) = -l**3 - 3*l**2 + 4*l - 3. Let a be z(-4). Suppose 0*b + 5 = b. Let u(y) = y + 2*y - b*y. Give u(a).
6
Let k(f) = 4*f - 16. Let a(p) = -2*p + 8. Let m(z) = -9*a(z) - 4*k(z). Suppose -5*l - 74 = 4*b - 127, 5*b - 45 = -2*l. Give m(b).
6
Let m(o) be the third derivative of -o**6/120 - o**5/15 + o**4/8 + o**3/2 + 26*o**2. Calculate m(-4).
-9
Let q(b) = -b**3 - 6*b**2 + 2*b + 7. Suppose 0 = 2*k - k. Suppose k*s - 6 = s. What is q(s)?
-5
Let u(p) be the first derivative of -4*p + 4/3*p**3 + 1/4*p**4 + 5 - 2*p**2. Give u(-5).
-9
Let r(g) be the third derivative of -g**5/60 + g**4/12 + g**3/6 - 7*g**2. Determine r(4).
-7
Let s(x) be the first derivative of -x**3/3 + 2*x**2 + 3*x + 3. Determine s(5).
-2
Suppose 5*u + 25 = 0, 5*u + 41 = -2*d - 2*d. Let j(v) = -2*v - 1 + 0*v - 1. Give j(d).
6
Let o(j) = -4*j - 4. Let q be (-6)/(-2) + (0 - 1). Suppose -5*l = f + 8, 1 = -3*l + q*l. Calculate o(f).
8
Suppose g - 3*g = 0. Suppose g = -2*h - h - 9. Let x(k) = -k**3 - 2*k**2 + 3*k + 1. Calculate x(h).
1
Let j(n) = -n**3 + 2*n**2 + 2*n + 2. Let v(b) = -b**2 + 9*b + 13. Suppose -z + 9 = -1. Let r be v(z). Determine j(r).
-1
Let i be (1 - (2 - 6))/(-1). Let a = -12 - -12. Let n(y) = -7*y - 3*y**2 + 2*y**2 - 2 + 3*y + a*y**2. Calculate n(i).
-7
Let m(p) = 0 - 3*p + 10*p + 5 + 4. Let b(o) = 20*o + 26. Let a(y) = -6*b(y) + 17*m(y). Determine a(-4).
1
Let b be (-39)/(-4) + 2/8. Suppose b = 3*q + 2*q. Let w(j) = j**3 - 4*j**q + 5 - 3*j**2 + 3*j**2 - 6*j. Determine w(5).
0
Let a(r) = r**2 + 3*r - 2. Let p(y) = y**2 + 3*y - 1. Let z = 9 + -13. Let i(v) = z*p(v) + 3*a(v). Let b(h) = -h + 2. Let c be b(6). Give i(c).
-6
Let g(u) be the first derivative of -u**2/2 - 1. Suppose -n = -6*n - 4*x - 29, -17 = 3*n + 2*x. Give g(n).
5
Let s(b) = 0 + 0 + 2*b**2 + 3 + 2*b. Let o(l) = l**2 - 9*l + 8. Let c be o(8). Suppose a - 6*a - 10 = c. Determine s(a).
7
Let s(d) = 8*d**2 + d + 1. Suppose 2*v - 2 = 4*v. Determine s(v).
8
Let c(g) = -2*g**2 - 2*g + 17. Let f(p) = p**2 + p - 8. Let s(k) = -3*c(k) - 7*f(k). Determine s(-4).
-7
Suppose 9*l = 7*l + 14. Let x(i) = i**2 - 7*i - 7. Calculate x(l).
-7
Let p(w) = -2*w + 2. Let n(v) = -v**3 + v + 4. Let l be n(0). Let t(b) = b**2 - 4*b + 2. Let y be t(l). Suppose 8 = -y*q + 6*q. What is p(q)?
-2
Let f = -50 - -50. Let v(x) = -x**3 - x**2 - x + 9. Calculate v(f).
9
Suppose -11*o + 3*o + 48 = 0. Let u(n) = -2*n + 5. Give u(o).
-7
Suppose 0*d - 84 = 3*d. Let g = 39 + d. Suppose 3 = -4*q + g. Let y(f) = 3*f - 2. Determine y(q).
4
Let q = 8 - 2. Let k(n) = -3*n + 9. Calculate k(q).
-9
Let f(t) = t - 3. Let h be f(9). Let p(c) = c**3 - 6 - 5*c**2 - c**2 + c**2 - 6*c. Give p(h).
-6
Let m(c) = -c + 9 + 0*c - 10. Let s be m(-2). Let q(g) = 8*g + 1. What is q(s)?
9
Let n = 0 - -7. Let u(f) be the second derivative of -f**4/12 + f**3 + f**2 - 3*f. Let m be u(n). Let v(w) = w + 4. Calculate v(m).
-1
Let x = -1 - -3. Let d(f) = -4*f + 2*f**x + 2*f + 3*f - 2. What is d(-2)?
4
Let b(g) = 0*g**3 - 16 + 5*g**2 - g**3 - 19*g**2 - 14*g. Let l be b(-13). Let x(f) = f**3 + 4*f**2 + f - 2. What is x(l)?
4
Suppose 3*s + 2*s = 35. Let n(t) = 2*t**3 - s*t**2 + 4*t + 3*t**2 - 1 - 2. What is n(2)?
5
Suppose 7*w + 8*w - 3*w = 0. Let g(f) = -f**2 + 11. Give g(w).
11
Let o(k) = k**3 + k**2 + k + 2. Suppose 2*n - n - 13 = -4*l, -l = 3*n - 6. Let x(j) = j**3 - j**2 + j - 1. Let c be x(n). Calculate o(c).
2
Let g = 35 - 28. Let z(c) = c**2 - 7*c + 3. Calculate z(g).
3
Let c(r) be the first derivative of r**2/2 + 6*r + 2. Let x be 0/(4*2/4). Suppose x = -3*q - 4 - 11. Determine c(q).
1
Let u(j) = -35*j**3 + 20*j**2 - 11*j - 14. Let f(r) = 12*r**3 - 7*r**2 + 4*r + 5. Let l(p) = 17*f(p) + 6*u(p). Calculate l(-1).
6
Suppose 0 = r + 2*u + 5, r - 2*u = -3*u - 2. Let z = r - 0. Let k(p) = 6*p**3 - 5*p**3 + 3*p**2 - z + p**2. What is k(-4)?
-1
Let v = -3 - -3. Suppose -2*x - s - 1 = v, -2*s + 5 = -5*x - 5*s. Suppose 0 = x*z + 1 + 1. Let k(t) = -t**2 + t + 1. What is k(z)?
-1
Let v(b) = -2*b + b**2 - 6*b**3 + b + 0*b**3 - 1 + 3*b**3. Let x(f) = -f**2 + 6*f + 6. Let g be x(7). What is v(g)?
4
Suppose 5*r = r + 24. Suppose 2*b + r + 0 = 0. Let x(s) be the third derivative of s**4/24 + s**3/3 - 4*s**2. What is x(b)?
-1
Let l(m) be the third derivative of 10*m**2 + 1/24*m**4 + 0 - 3/2*m**3 + 0*m. Suppose d - 8 = -0*d - 3*r, -3*d + 5*r = -10. What is l(d)?
-4
Suppose -25 = -5*w, m + 5*w - 10 - 15 = 0. Let k(a) = 2*a - 37. Let f(q) = -q + 18. Suppose -3*z + 8 = -10. Let p(s) = z*k(s) + 13*f(s). What is p(m)?
12
Let x(c) = c**2 - 3*c - 1. Suppose 15 - 9 = 2*a. Determine x(a).
-1
Let j = -7 + 9. Let n(l) = 0 - 3*l**3 + 7 + 4*l**j + 4*l**3 - 4*l. Give n(-5).
2
Let v(u) = -u - 10. Suppose -4*i - 56 = -12. What is v(i)?
1
Let t(w) = -w + 13. Suppose 0 = -63*b + 61*b + 14. Determine t(b).
6
Let h(s) be the second derivative of 3*s + 1/2*s**2 + 1/20*s**5 + 1/4*s**4 + 0 + 1/6*s**3. Calculate h(-3).
-2
Suppose -4*r - 159 + 63 = 0. Let x be 2/6 - r/9. Suppose -2*q = 3*o + 1 + 4, -x*q + 5*o + 21 = 0. Let m(k) = 3*k - 2. What is m(q)?
4
Let q = 0 - -5. Suppose q*i + 15 = 7*i + 3*h, -5*h + 35 = 5*i. Let m(l) = 2 - 2*l - 3 + 1 + 5. Give m(i).
-7
Let x(m) = -m - 9. Let g(z) = -3*z - 19. Let h(q) = 2*g(q) - 5*x(q). What is h(5)?
2
Let l(w) be the third derivative of w**7/280 + w**6/360 - 5*w**3/6 + 6*w**2. Let b(s) be the first derivative of l(s). Give b(-1).
-2
Let f(k) = -3*k + 1. Suppose -3*x = 3*b + 21, 5*x + 18 + 13 = -4*b. Determine f(x).
10
Let d = -4 - -5. Let z(k) = -k - 2 + 0 - d. Let r(j) = 1. Let b(u) = 4*r(u) - z(u). Give b(-5).
2
Let f(c) = c**2 + c. Suppose 0 = -2*o + 5*n + 15, -4*o - 10 = n - 3*n. Let w(u) = 6*u**2 + 5*u. Let j(s) = o*f(s) + w(s). Give j(2).
4
Let a(n) = -5*n**2 + 5*n - 6. Let s(m) = m**2. Suppose -5*p = -2 - 3. Let o(f) = p*a(f) + 4*s(f). Suppose 0 = -3*h + h - 2*q + 16, -3*h - 8 = -5*q. Give o(h).
-2
Let b(n) = -10*n**2 - 5*n - 6. Let i(y) = y**2 + y + 1. Let l(c) = -b(c) - 5*i(c). Let t be l(-1). Let m(z) = -t*z - 1 + 2*z + z. Determine m(2).
-7
Let d(g) = -g - 4. Let o be d(-7). Let j(s) = -s - 7 + 0*s + o + 2*s. Calculate j(2).
-2
Let j(b) = -2*b + 3. Let f = -2 - -3. Let l be (-1)/(f + (-4)/6). Let u be 1/(-3)*l + 2. Calculate j(u).
-3
Let d(g) = -g**3 - 7*g**2 - g + 3. Let a be d(-7). Suppose -4*y = -2*f, 5*y + 6 = 3*f + f. Let o(v) = f*v + v**2 + a + 0*v**2 - 4. Calculate o(-4).
6
Let h(v) = -v - 1. Let o(r) = -r**2 - 12*r - 9. Suppose 3*c - 4*t + 48 - 11 = 0, c + 12 = t. Let z be o(c). Let 